{"id":14482,"date":"2026-04-06T10:11:01","date_gmt":"2026-04-06T15:11:01","guid":{"rendered":"https:\/\/cipa.com.co\/?page_id=14482"},"modified":"2026-05-05T16:07:47","modified_gmt":"2026-05-05T21:07:47","slug":"simuladores-piscicultura","status":"publish","type":"page","link":"https:\/\/cipa.com.co\/?page_id=14482","title":{"rendered":"Simuladores piscicultura"},"content":{"rendered":"\t\t<div data-elementor-type=\"wp-page\" data-elementor-id=\"14482\" class=\"elementor elementor-14482\" data-elementor-settings=\"{&quot;ha_cmc_init_switcher&quot;:&quot;no&quot;}\" data-elementor-post-type=\"page\">\n\t\t\t\t<div class=\"elementor-element elementor-element-20f50fb e-flex e-con-boxed e-con e-parent\" data-id=\"20f50fb\" data-element_type=\"container\" data-e-type=\"container\" data-settings=\"{&quot;background_background&quot;:&quot;classic&quot;,&quot;jet_parallax_layout_list&quot;:[],&quot;_ha_eqh_enable&quot;:false}\">\n\t\t\t\t\t<div class=\"e-con-inner\">\n\t\t\t\t<div class=\"elementor-element elementor-element-97616a6 elementor-widget elementor-widget-heading\" data-id=\"97616a6\" data-element_type=\"widget\" data-e-type=\"widget\" data-widget_type=\"heading.default\">\n\t\t\t\t<div class=\"elementor-widget-container\">\n\t\t\t\t\t<h1 class=\"elementor-heading-title elementor-size-default\">C\u00e1lculo de alimento para <br>cultivos pisc\u00edcolas <\/h1>\t\t\t\t<\/div>\n\t\t\t\t<\/div>\n\t\t\t\t<div class=\"elementor-element elementor-element-1060de7 elementor-widget elementor-widget-text-editor\" data-id=\"1060de7\" data-element_type=\"widget\" data-e-type=\"widget\" data-widget_type=\"text-editor.default\">\n\t\t\t\t<div class=\"elementor-widget-container\">\n\t\t\t\t\t\t\t\t\t<div class=\"header-section\"><p>Seleccione la especie<\/p><\/div><div class=\"grid-moderno\">\u00a0<\/div>\t\t\t\t\t\t\t\t<\/div>\n\t\t\t\t<\/div>\n\t\t<div class=\"elementor-element elementor-element-a9a997e e-con-full peces-animados e-flex e-con e-child\" data-id=\"a9a997e\" data-element_type=\"container\" data-e-type=\"container\" data-settings=\"{&quot;jet_parallax_layout_list&quot;:[],&quot;_ha_eqh_enable&quot;:false}\">\n\t\t<div class=\"elementor-element elementor-element-cdecf39 e-con-full e-flex e-con e-child\" data-id=\"cdecf39\" data-element_type=\"container\" data-e-type=\"container\" data-settings=\"{&quot;jet_parallax_layout_list&quot;:[],&quot;_ha_eqh_enable&quot;:false}\">\n\t\t\t\t<div class=\"elementor-element elementor-element-de647d6 elementor-widget elementor-widget-heading\" data-id=\"de647d6\" data-element_type=\"widget\" data-e-type=\"widget\" data-widget_type=\"heading.default\">\n\t\t\t\t<div class=\"elementor-widget-container\">\n\t\t\t\t\t<h2 class=\"elementor-heading-title elementor-size-default\">Tilapia roja<\/h2>\t\t\t\t<\/div>\n\t\t\t\t<\/div>\n\t\t\t\t<div class=\"elementor-element elementor-element-8271f0b elementor-widget elementor-widget-image\" data-id=\"8271f0b\" data-element_type=\"widget\" data-e-type=\"widget\" data-widget_type=\"image.default\">\n\t\t\t\t<div class=\"elementor-widget-container\">\n\t\t\t\t\t\t\t\t\t\t\t\t\t\t\t<img fetchpriority=\"high\" decoding=\"async\" width=\"500\" height=\"373\" src=\"https:\/\/cipa.com.co\/wp-content\/uploads\/2026\/04\/Tilapia-roja-3.png\" class=\"attachment-large size-large wp-image-14587\" alt=\"\" srcset=\"https:\/\/cipa.com.co\/wp-content\/uploads\/2026\/04\/Tilapia-roja-3.png 500w, https:\/\/cipa.com.co\/wp-content\/uploads\/2026\/04\/Tilapia-roja-3-300x224.png 300w\" sizes=\"(max-width: 500px) 100vw, 500px\" \/>\t\t\t\t\t\t\t\t\t\t\t\t\t\t\t<\/div>\n\t\t\t\t<\/div>\n\t\t\t\t<div class=\"elementor-element elementor-element-48bb5d5 elementor-align-center elementor-widget elementor-widget-button\" data-id=\"48bb5d5\" data-element_type=\"widget\" data-e-type=\"widget\" data-widget_type=\"button.default\">\n\t\t\t\t<div class=\"elementor-widget-container\">\n\t\t\t\t\t\t\t\t\t<div class=\"elementor-button-wrapper\">\n\t\t\t\t\t<a class=\"elementor-button elementor-button-link elementor-size-sm elementor-animation-grow\" href=\"https:\/\/cipa.com.co\/?page_id=13261\">\n\t\t\t\t\t\t<span class=\"elementor-button-content-wrapper\">\n\t\t\t\t\t\t\t\t\t<span class=\"elementor-button-text\">Ir al simulador<\/span>\n\t\t\t\t\t<\/span>\n\t\t\t\t\t<\/a>\n\t\t\t\t<\/div>\n\t\t\t\t\t\t\t\t<\/div>\n\t\t\t\t<\/div>\n\t\t\t\t<\/div>\n\t\t<div class=\"elementor-element elementor-element-d80dd0e e-con-full e-flex e-con e-child\" data-id=\"d80dd0e\" data-element_type=\"container\" data-e-type=\"container\" data-settings=\"{&quot;jet_parallax_layout_list&quot;:[],&quot;_ha_eqh_enable&quot;:false}\">\n\t\t\t\t<div class=\"elementor-element elementor-element-e881263 elementor-widget elementor-widget-heading\" data-id=\"e881263\" data-element_type=\"widget\" data-e-type=\"widget\" data-widget_type=\"heading.default\">\n\t\t\t\t<div class=\"elementor-widget-container\">\n\t\t\t\t\t<h2 class=\"elementor-heading-title elementor-size-default\">Tilapia nil\u00f3tica<\/h2>\t\t\t\t<\/div>\n\t\t\t\t<\/div>\n\t\t\t\t<div class=\"elementor-element elementor-element-fa3758c elementor-widget elementor-widget-image\" data-id=\"fa3758c\" data-element_type=\"widget\" data-e-type=\"widget\" data-widget_type=\"image.default\">\n\t\t\t\t<div class=\"elementor-widget-container\">\n\t\t\t\t\t\t\t\t\t\t\t\t\t\t\t<img decoding=\"async\" width=\"500\" height=\"373\" src=\"https:\/\/cipa.com.co\/wp-content\/uploads\/2026\/04\/Tilapia-nilotica-4-1.png\" class=\"attachment-large size-large wp-image-14637\" alt=\"\" srcset=\"https:\/\/cipa.com.co\/wp-content\/uploads\/2026\/04\/Tilapia-nilotica-4-1.png 500w, https:\/\/cipa.com.co\/wp-content\/uploads\/2026\/04\/Tilapia-nilotica-4-1-300x224.png 300w\" sizes=\"(max-width: 500px) 100vw, 500px\" \/>\t\t\t\t\t\t\t\t\t\t\t\t\t\t\t<\/div>\n\t\t\t\t<\/div>\n\t\t\t\t<div class=\"elementor-element elementor-element-bc5bd4a elementor-align-center elementor-widget elementor-widget-button\" data-id=\"bc5bd4a\" data-element_type=\"widget\" data-e-type=\"widget\" data-widget_type=\"button.default\">\n\t\t\t\t<div class=\"elementor-widget-container\">\n\t\t\t\t\t\t\t\t\t<div class=\"elementor-button-wrapper\">\n\t\t\t\t\t<a class=\"elementor-button elementor-button-link elementor-size-sm elementor-animation-grow\" href=\"https:\/\/cipa.com.co\/?page_id=14541\">\n\t\t\t\t\t\t<span class=\"elementor-button-content-wrapper\">\n\t\t\t\t\t\t\t\t\t<span class=\"elementor-button-text\">Ir al simulador<\/span>\n\t\t\t\t\t<\/span>\n\t\t\t\t\t<\/a>\n\t\t\t\t<\/div>\n\t\t\t\t\t\t\t\t<\/div>\n\t\t\t\t<\/div>\n\t\t\t\t<\/div>\n\t\t<div class=\"elementor-element elementor-element-74cc871 e-con-full e-flex e-con e-child\" data-id=\"74cc871\" data-element_type=\"container\" data-e-type=\"container\" data-settings=\"{&quot;jet_parallax_layout_list&quot;:[],&quot;_ha_eqh_enable&quot;:false}\">\n\t\t\t\t<div class=\"elementor-element elementor-element-f725d22 elementor-widget elementor-widget-heading\" data-id=\"f725d22\" data-element_type=\"widget\" data-e-type=\"widget\" data-widget_type=\"heading.default\">\n\t\t\t\t<div class=\"elementor-widget-container\">\n\t\t\t\t\t<h2 class=\"elementor-heading-title elementor-size-default\">Cachama<\/h2>\t\t\t\t<\/div>\n\t\t\t\t<\/div>\n\t\t\t\t<div class=\"elementor-element elementor-element-fc756f8 elementor-widget elementor-widget-image\" data-id=\"fc756f8\" data-element_type=\"widget\" data-e-type=\"widget\" data-widget_type=\"image.default\">\n\t\t\t\t<div class=\"elementor-widget-container\">\n\t\t\t\t\t\t\t\t\t\t\t\t\t\t\t<img decoding=\"async\" width=\"500\" height=\"373\" src=\"https:\/\/cipa.com.co\/wp-content\/uploads\/2026\/04\/Cachama-3-1.png\" class=\"attachment-large size-large wp-image-14613\" alt=\"\" srcset=\"https:\/\/cipa.com.co\/wp-content\/uploads\/2026\/04\/Cachama-3-1.png 500w, https:\/\/cipa.com.co\/wp-content\/uploads\/2026\/04\/Cachama-3-1-300x224.png 300w\" sizes=\"(max-width: 500px) 100vw, 500px\" \/>\t\t\t\t\t\t\t\t\t\t\t\t\t\t\t<\/div>\n\t\t\t\t<\/div>\n\t\t\t\t<div class=\"elementor-element elementor-element-adb865a elementor-align-center elementor-widget elementor-widget-button\" data-id=\"adb865a\" data-element_type=\"widget\" data-e-type=\"widget\" data-widget_type=\"button.default\">\n\t\t\t\t<div class=\"elementor-widget-container\">\n\t\t\t\t\t\t\t\t\t<div class=\"elementor-button-wrapper\">\n\t\t\t\t\t<a class=\"elementor-button elementor-button-link elementor-size-sm elementor-animation-grow\" href=\"https:\/\/cipa.com.co\/?page_id=14530\">\n\t\t\t\t\t\t<span class=\"elementor-button-content-wrapper\">\n\t\t\t\t\t\t\t\t\t<span class=\"elementor-button-text\">Ir al simulador<\/span>\n\t\t\t\t\t<\/span>\n\t\t\t\t\t<\/a>\n\t\t\t\t<\/div>\n\t\t\t\t\t\t\t\t<\/div>\n\t\t\t\t<\/div>\n\t\t\t\t<\/div>\n\t\t\t\t<\/div>\n\t\t\t\t\t<\/div>\n\t\t\t\t<\/div>\n\t\t<div class=\"elementor-element elementor-element-d235152 e-flex e-con-boxed e-con e-parent\" data-id=\"d235152\" data-element_type=\"container\" data-e-type=\"container\" data-settings=\"{&quot;jet_parallax_layout_list&quot;:[],&quot;_ha_eqh_enable&quot;:false}\">\n\t\t\t\t\t<div class=\"e-con-inner\">\n\t\t\t\t<div class=\"elementor-element elementor-element-e1d6eb5 elementor-widget elementor-widget-html\" data-id=\"e1d6eb5\" data-element_type=\"widget\" data-e-type=\"widget\" data-widget_type=\"html.default\">\n\t\t\t\t<div class=\"elementor-widget-container\">\n\t\t\t\t\t<style>\r\n  \/* El pez se agranda un poco al pasar el mouse *\/\r\n  .peces-animados div:hover img {\r\n    transform: scale(1.1) rotate(-2deg);\r\n    filter: drop-shadow(0 15px 20px rgba(255,255,255,0.4)); \/* Brillo de luz *\/\r\n    transition: all 0.3s ease;\r\n  }\r\n\r\n  \/* Animaci\u00f3n de flotar mejorada (m\u00e1s suave) *\/\r\n  @keyframes flotarPro {\r\n    0%, 100% { transform: translateY(0); }\r\n    50% { transform: translateY(-12px); }\r\n  }\r\n\r\n  .peces-animados img {\r\n    animation: flotarPro 4s ease-in-out infinite;\r\n    transition: all 0.3s ease;\r\n  }\r\n\r\n  \/* Aplicamos retardos para que se muevan diferente *\/\r\n  .pez-roja img { animation-delay: 0s; }\r\n  .pez-nilotica img { animation-delay: 0.8s; }\r\n  .pez-cachama img { animation-delay: 1.5s; }\r\n<\/style>\t\t\t\t<\/div>\n\t\t\t\t<\/div>\n\t\t\t\t\t<\/div>\n\t\t\t\t<\/div>\n\t\t<div class=\"elementor-element elementor-element-96d687e e-con-full elementor-hidden-desktop elementor-hidden-tablet elementor-hidden-mobile e-flex e-con e-parent\" data-id=\"96d687e\" data-element_type=\"container\" data-e-type=\"container\" data-settings=\"{&quot;jet_parallax_layout_list&quot;:[],&quot;_ha_eqh_enable&quot;:false}\">\n\t\t\t\t<div class=\"elementor-element elementor-element-74172bd elementor-hidden-mobile elementor-widget elementor-widget-image\" data-id=\"74172bd\" data-element_type=\"widget\" data-e-type=\"widget\" data-widget_type=\"image.default\">\n\t\t\t\t<div class=\"elementor-widget-container\">\n\t\t\t\t\t\t\t\t\t\t\t\t\t\t\t<img loading=\"lazy\" decoding=\"async\" width=\"800\" height=\"219\" src=\"https:\/\/cipa.com.co\/wp-content\/uploads\/2026\/03\/Tilapia-roja-1024x280.png\" class=\"attachment-large size-large wp-image-14385\" alt=\"\" srcset=\"https:\/\/cipa.com.co\/wp-content\/uploads\/2026\/03\/Tilapia-roja-1024x280.png 1024w, https:\/\/cipa.com.co\/wp-content\/uploads\/2026\/03\/Tilapia-roja-300x82.png 300w, https:\/\/cipa.com.co\/wp-content\/uploads\/2026\/03\/Tilapia-roja-768x210.png 768w, https:\/\/cipa.com.co\/wp-content\/uploads\/2026\/03\/Tilapia-roja-1536x420.png 1536w, https:\/\/cipa.com.co\/wp-content\/uploads\/2026\/03\/Tilapia-roja.png 2048w\" sizes=\"(max-width: 800px) 100vw, 800px\" \/>\t\t\t\t\t\t\t\t\t\t\t\t\t\t\t<\/div>\n\t\t\t\t<\/div>\n\t\t\t\t<div class=\"elementor-element elementor-element-ec5e49d elementor-hidden-desktop elementor-hidden-tablet elementor-widget elementor-widget-image\" data-id=\"ec5e49d\" data-element_type=\"widget\" data-e-type=\"widget\" data-widget_type=\"image.default\">\n\t\t\t\t<div class=\"elementor-widget-container\">\n\t\t\t\t\t\t\t\t\t\t\t\t\t\t\t<img loading=\"lazy\" decoding=\"async\" width=\"800\" height=\"800\" src=\"https:\/\/cipa.com.co\/wp-content\/uploads\/2026\/03\/Tilapia-roja-2.png\" class=\"attachment-large size-large wp-image-14438\" alt=\"\" srcset=\"https:\/\/cipa.com.co\/wp-content\/uploads\/2026\/03\/Tilapia-roja-2.png 1000w, https:\/\/cipa.com.co\/wp-content\/uploads\/2026\/03\/Tilapia-roja-2-300x300.png 300w, https:\/\/cipa.com.co\/wp-content\/uploads\/2026\/03\/Tilapia-roja-2-150x150.png 150w, https:\/\/cipa.com.co\/wp-content\/uploads\/2026\/03\/Tilapia-roja-2-768x768.png 768w\" sizes=\"(max-width: 800px) 100vw, 800px\" \/>\t\t\t\t\t\t\t\t\t\t\t\t\t\t\t<\/div>\n\t\t\t\t<\/div>\n\t\t\t\t<\/div>\n\t\t<div class=\"elementor-element elementor-element-cb8bef2 e-con-full elementor-hidden-desktop elementor-hidden-tablet elementor-hidden-mobile e-flex e-con e-parent\" data-id=\"cb8bef2\" data-element_type=\"container\" data-e-type=\"container\" data-settings=\"{&quot;jet_parallax_layout_list&quot;:[],&quot;_ha_eqh_enable&quot;:false}\">\n\t\t<div class=\"elementor-element elementor-element-7c40daf e-con-full e-flex e-con e-child\" data-id=\"7c40daf\" data-element_type=\"container\" data-e-type=\"container\" data-settings=\"{&quot;background_background&quot;:&quot;classic&quot;,&quot;jet_parallax_layout_list&quot;:[],&quot;_ha_eqh_enable&quot;:false}\">\n\t\t\t\t<div class=\"elementor-element elementor-element-98ad9b7 elementor-widget elementor-widget-heading\" data-id=\"98ad9b7\" data-element_type=\"widget\" data-e-type=\"widget\" data-widget_type=\"heading.default\">\n\t\t\t\t<div class=\"elementor-widget-container\">\n\t\t\t\t\t<h2 class=\"elementor-heading-title elementor-size-default\">Tilapia roja<\/h2>\t\t\t\t<\/div>\n\t\t\t\t<\/div>\n\t\t\t\t<div class=\"elementor-element elementor-element-f81386a elementor-widget elementor-widget-button\" data-id=\"f81386a\" data-element_type=\"widget\" data-e-type=\"widget\" data-widget_type=\"button.default\">\n\t\t\t\t<div class=\"elementor-widget-container\">\n\t\t\t\t\t\t\t\t\t<div class=\"elementor-button-wrapper\">\n\t\t\t\t\t<a class=\"elementor-button elementor-button-link elementor-size-sm elementor-animation-grow\" href=\"#\">\n\t\t\t\t\t\t<span class=\"elementor-button-content-wrapper\">\n\t\t\t\t\t\t\t\t\t<span class=\"elementor-button-text\">Ir al simulador<\/span>\n\t\t\t\t\t<\/span>\n\t\t\t\t\t<\/a>\n\t\t\t\t<\/div>\n\t\t\t\t\t\t\t\t<\/div>\n\t\t\t\t<\/div>\n\t\t\t\t<\/div>\n\t\t<div class=\"elementor-element elementor-element-3bf8d00 e-con-full e-flex e-con e-child\" data-id=\"3bf8d00\" data-element_type=\"container\" data-e-type=\"container\" data-settings=\"{&quot;background_background&quot;:&quot;classic&quot;,&quot;jet_parallax_layout_list&quot;:[],&quot;_ha_eqh_enable&quot;:false}\">\n\t\t\t\t<div class=\"elementor-element elementor-element-4ef8104 elementor-widget elementor-widget-heading\" data-id=\"4ef8104\" data-element_type=\"widget\" data-e-type=\"widget\" data-widget_type=\"heading.default\">\n\t\t\t\t<div class=\"elementor-widget-container\">\n\t\t\t\t\t<h2 class=\"elementor-heading-title elementor-size-default\">Tilapia nil\u00f3tica<\/h2>\t\t\t\t<\/div>\n\t\t\t\t<\/div>\n\t\t\t\t<div class=\"elementor-element elementor-element-88ef031 elementor-widget elementor-widget-button\" data-id=\"88ef031\" data-element_type=\"widget\" data-e-type=\"widget\" data-widget_type=\"button.default\">\n\t\t\t\t<div class=\"elementor-widget-container\">\n\t\t\t\t\t\t\t\t\t<div class=\"elementor-button-wrapper\">\n\t\t\t\t\t<a class=\"elementor-button elementor-button-link elementor-size-sm elementor-animation-grow\" href=\"#\">\n\t\t\t\t\t\t<span class=\"elementor-button-content-wrapper\">\n\t\t\t\t\t\t\t\t\t<span class=\"elementor-button-text\">Ir al simulador<\/span>\n\t\t\t\t\t<\/span>\n\t\t\t\t\t<\/a>\n\t\t\t\t<\/div>\n\t\t\t\t\t\t\t\t<\/div>\n\t\t\t\t<\/div>\n\t\t\t\t<\/div>\n\t\t<div class=\"elementor-element elementor-element-da3207c e-con-full e-flex e-con e-child\" data-id=\"da3207c\" data-element_type=\"container\" data-e-type=\"container\" data-settings=\"{&quot;background_background&quot;:&quot;classic&quot;,&quot;jet_parallax_layout_list&quot;:[],&quot;_ha_eqh_enable&quot;:false}\">\n\t\t\t\t<div class=\"elementor-element elementor-element-c35cc41 elementor-widget elementor-widget-heading\" data-id=\"c35cc41\" data-element_type=\"widget\" data-e-type=\"widget\" data-widget_type=\"heading.default\">\n\t\t\t\t<div class=\"elementor-widget-container\">\n\t\t\t\t\t<h2 class=\"elementor-heading-title elementor-size-default\">Tilapia roja<\/h2>\t\t\t\t<\/div>\n\t\t\t\t<\/div>\n\t\t\t\t<div class=\"elementor-element elementor-element-13cb42a elementor-widget elementor-widget-button\" data-id=\"13cb42a\" data-element_type=\"widget\" data-e-type=\"widget\" data-widget_type=\"button.default\">\n\t\t\t\t<div class=\"elementor-widget-container\">\n\t\t\t\t\t\t\t\t\t<div class=\"elementor-button-wrapper\">\n\t\t\t\t\t<a class=\"elementor-button elementor-button-link elementor-size-sm elementor-animation-grow\" href=\"#\">\n\t\t\t\t\t\t<span class=\"elementor-button-content-wrapper\">\n\t\t\t\t\t\t\t\t\t<span class=\"elementor-button-text\">Ir al simulador<\/span>\n\t\t\t\t\t<\/span>\n\t\t\t\t\t<\/a>\n\t\t\t\t<\/div>\n\t\t\t\t\t\t\t\t<\/div>\n\t\t\t\t<\/div>\n\t\t\t\t<\/div>\n\t\t\t\t<\/div>\n\t\t<div class=\"elementor-element elementor-element-9f29f97 e-flex e-con-boxed e-con e-parent\" data-id=\"9f29f97\" data-element_type=\"container\" data-e-type=\"container\" data-settings=\"{&quot;jet_parallax_layout_list&quot;:[],&quot;_ha_eqh_enable&quot;:false}\">\n\t\t\t\t\t<div class=\"e-con-inner\">\n\t\t\t\t<div class=\"elementor-element elementor-element-caa2612 elementor-widget elementor-widget-spacer\" data-id=\"caa2612\" data-element_type=\"widget\" data-e-type=\"widget\" data-widget_type=\"spacer.default\">\n\t\t\t\t<div class=\"elementor-widget-container\">\n\t\t\t\t\t\t\t<div class=\"elementor-spacer\">\n\t\t\t<div class=\"elementor-spacer-inner\"><\/div>\n\t\t<\/div>\n\t\t\t\t\t\t<\/div>\n\t\t\t\t<\/div>\n\t\t\t\t\t<\/div>\n\t\t\t\t<\/div>\n\t\t\t\t<\/div>\n\t\t","protected":false},"excerpt":{"rendered":"<p>C\u00e1lculo de alimento para cultivos pisc\u00edcolas Seleccione la especie \u00a0 Tilapia roja Ir al simulador Tilapia nil\u00f3tica Ir al simulador Cachama Ir al simulador Tilapia roja Ir al simulador Tilapia nil\u00f3tica Ir al simulador Tilapia roja Ir al simulador<\/p>\n","protected":false},"author":4,"featured_media":0,"parent":0,"menu_order":0,"comment_status":"closed","ping_status":"closed","template":"","meta":{"footnotes":""},"class_list":["post-14482","page","type-page","status-publish","hentry"],"yoast_head":"<!-- This site is optimized with the Yoast SEO plugin v27.6 - https:\/\/yoast.com\/product\/yoast-seo-wordpress\/ -->\n<title>Simuladores piscicultura - Cipa - Es nutrici\u00f3n<\/title>\n<meta name=\"robots\" content=\"index, follow, max-snippet:-1, max-image-preview:large, max-video-preview:-1\" \/>\n<link rel=\"canonical\" href=\"https:\/\/cipa.com.co\/?page_id=14482\" \/>\n<meta property=\"og:locale\" content=\"es_ES\" \/>\n<meta property=\"og:type\" content=\"article\" \/>\n<meta property=\"og:title\" content=\"Simuladores piscicultura - Cipa - Es nutrici\u00f3n\" \/>\n<meta property=\"og:description\" content=\"C\u00e1lculo de alimento para cultivos pisc\u00edcolas Seleccione la especie \u00a0 Tilapia roja Ir al simulador Tilapia nil\u00f3tica Ir al simulador Cachama Ir al simulador Tilapia roja Ir al simulador Tilapia nil\u00f3tica Ir al simulador Tilapia roja Ir al simulador\" \/>\n<meta property=\"og:url\" content=\"https:\/\/cipa.com.co\/?page_id=14482\" \/>\n<meta property=\"og:site_name\" content=\"Cipa - Es nutrici\u00f3n\" \/>\n<meta property=\"article:publisher\" content=\"https:\/\/www.facebook.com\/cipaesnutricion\/\" \/>\n<meta property=\"article:modified_time\" content=\"2026-05-05T21:07:47+00:00\" \/>\n<meta property=\"og:image\" content=\"https:\/\/cipa.com.co\/wp-content\/uploads\/2026\/04\/Tilapia-roja-3.png\" \/>\n\t<meta property=\"og:image:width\" content=\"500\" \/>\n\t<meta property=\"og:image:height\" content=\"373\" \/>\n\t<meta property=\"og:image:type\" content=\"image\/png\" \/>\n<meta name=\"twitter:card\" content=\"summary_large_image\" \/>\n<meta name=\"twitter:label1\" content=\"Tiempo de lectura\" \/>\n\t<meta name=\"twitter:data1\" content=\"2 minutos\" \/>\n<script type=\"application\/ld+json\" class=\"yoast-schema-graph\">{\"@context\":\"https:\\\/\\\/schema.org\",\"@graph\":[{\"@type\":\"WebPage\",\"@id\":\"https:\\\/\\\/cipa.com.co\\\/?page_id=14482\",\"url\":\"https:\\\/\\\/cipa.com.co\\\/?page_id=14482\",\"name\":\"Simuladores piscicultura - Cipa - Es nutrici\u00f3n\",\"isPartOf\":{\"@id\":\"https:\\\/\\\/cipa.com.co\\\/#website\"},\"primaryImageOfPage\":{\"@id\":\"https:\\\/\\\/cipa.com.co\\\/?page_id=14482#primaryimage\"},\"image\":{\"@id\":\"https:\\\/\\\/cipa.com.co\\\/?page_id=14482#primaryimage\"},\"thumbnailUrl\":\"https:\\\/\\\/cipa.com.co\\\/wp-content\\\/uploads\\\/2026\\\/04\\\/Tilapia-roja-3.png\",\"datePublished\":\"2026-04-06T15:11:01+00:00\",\"dateModified\":\"2026-05-05T21:07:47+00:00\",\"breadcrumb\":{\"@id\":\"https:\\\/\\\/cipa.com.co\\\/?page_id=14482#breadcrumb\"},\"inLanguage\":\"es-CO\",\"potentialAction\":[{\"@type\":\"ReadAction\",\"target\":[\"https:\\\/\\\/cipa.com.co\\\/?page_id=14482\"]}]},{\"@type\":\"ImageObject\",\"inLanguage\":\"es-CO\",\"@id\":\"https:\\\/\\\/cipa.com.co\\\/?page_id=14482#primaryimage\",\"url\":\"https:\\\/\\\/cipa.com.co\\\/wp-content\\\/uploads\\\/2026\\\/04\\\/Tilapia-roja-3.png\",\"contentUrl\":\"https:\\\/\\\/cipa.com.co\\\/wp-content\\\/uploads\\\/2026\\\/04\\\/Tilapia-roja-3.png\",\"width\":500,\"height\":373},{\"@type\":\"BreadcrumbList\",\"@id\":\"https:\\\/\\\/cipa.com.co\\\/?page_id=14482#breadcrumb\",\"itemListElement\":[{\"@type\":\"ListItem\",\"position\":1,\"name\":\"Inicio\",\"item\":\"https:\\\/\\\/cipa.com.co\\\/\"},{\"@type\":\"ListItem\",\"position\":2,\"name\":\"Simuladores piscicultura\"}]},{\"@type\":\"WebSite\",\"@id\":\"https:\\\/\\\/cipa.com.co\\\/#website\",\"url\":\"https:\\\/\\\/cipa.com.co\\\/\",\"name\":\"Cipa\",\"description\":\"\",\"publisher\":{\"@id\":\"https:\\\/\\\/cipa.com.co\\\/#organization\"},\"potentialAction\":[{\"@type\":\"SearchAction\",\"target\":{\"@type\":\"EntryPoint\",\"urlTemplate\":\"https:\\\/\\\/cipa.com.co\\\/?s={search_term_string}\"},\"query-input\":{\"@type\":\"PropertyValueSpecification\",\"valueRequired\":true,\"valueName\":\"search_term_string\"}}],\"inLanguage\":\"es-CO\"},{\"@type\":\"Organization\",\"@id\":\"https:\\\/\\\/cipa.com.co\\\/#organization\",\"name\":\"Cipa\",\"url\":\"https:\\\/\\\/cipa.com.co\\\/\",\"logo\":{\"@type\":\"ImageObject\",\"inLanguage\":\"es-CO\",\"@id\":\"https:\\\/\\\/cipa.com.co\\\/#\\\/schema\\\/logo\\\/image\\\/\",\"url\":\"https:\\\/\\\/click2action.com.co\\\/cipa\\\/wp-content\\\/uploads\\\/2023\\\/10\\\/logoCipa.png\",\"contentUrl\":\"https:\\\/\\\/click2action.com.co\\\/cipa\\\/wp-content\\\/uploads\\\/2023\\\/10\\\/logoCipa.png\",\"width\":206,\"height\":138,\"caption\":\"Cipa\"},\"image\":{\"@id\":\"https:\\\/\\\/cipa.com.co\\\/#\\\/schema\\\/logo\\\/image\\\/\"},\"sameAs\":[\"https:\\\/\\\/www.facebook.com\\\/cipaesnutricion\\\/\",\"https:\\\/\\\/www.instagram.com\\\/cipanutricion\\\/\"]}]}<\/script>\n<!-- \/ Yoast SEO plugin. -->","yoast_head_json":{"title":"Simuladores piscicultura - Cipa - Es nutrici\u00f3n","robots":{"index":"index","follow":"follow","max-snippet":"max-snippet:-1","max-image-preview":"max-image-preview:large","max-video-preview":"max-video-preview:-1"},"canonical":"https:\/\/cipa.com.co\/?page_id=14482","og_locale":"es_ES","og_type":"article","og_title":"Simuladores piscicultura - Cipa - Es nutrici\u00f3n","og_description":"C\u00e1lculo de alimento para cultivos pisc\u00edcolas Seleccione la especie \u00a0 Tilapia roja Ir al simulador Tilapia nil\u00f3tica Ir al simulador Cachama Ir al simulador Tilapia roja Ir al simulador Tilapia nil\u00f3tica Ir al simulador Tilapia roja Ir al simulador","og_url":"https:\/\/cipa.com.co\/?page_id=14482","og_site_name":"Cipa - Es nutrici\u00f3n","article_publisher":"https:\/\/www.facebook.com\/cipaesnutricion\/","article_modified_time":"2026-05-05T21:07:47+00:00","og_image":[{"width":500,"height":373,"url":"https:\/\/cipa.com.co\/wp-content\/uploads\/2026\/04\/Tilapia-roja-3.png","type":"image\/png"}],"twitter_card":"summary_large_image","twitter_misc":{"Tiempo de lectura":"2 minutos"},"schema":{"@context":"https:\/\/schema.org","@graph":[{"@type":"WebPage","@id":"https:\/\/cipa.com.co\/?page_id=14482","url":"https:\/\/cipa.com.co\/?page_id=14482","name":"Simuladores piscicultura - Cipa - Es nutrici\u00f3n","isPartOf":{"@id":"https:\/\/cipa.com.co\/#website"},"primaryImageOfPage":{"@id":"https:\/\/cipa.com.co\/?page_id=14482#primaryimage"},"image":{"@id":"https:\/\/cipa.com.co\/?page_id=14482#primaryimage"},"thumbnailUrl":"https:\/\/cipa.com.co\/wp-content\/uploads\/2026\/04\/Tilapia-roja-3.png","datePublished":"2026-04-06T15:11:01+00:00","dateModified":"2026-05-05T21:07:47+00:00","breadcrumb":{"@id":"https:\/\/cipa.com.co\/?page_id=14482#breadcrumb"},"inLanguage":"es-CO","potentialAction":[{"@type":"ReadAction","target":["https:\/\/cipa.com.co\/?page_id=14482"]}]},{"@type":"ImageObject","inLanguage":"es-CO","@id":"https:\/\/cipa.com.co\/?page_id=14482#primaryimage","url":"https:\/\/cipa.com.co\/wp-content\/uploads\/2026\/04\/Tilapia-roja-3.png","contentUrl":"https:\/\/cipa.com.co\/wp-content\/uploads\/2026\/04\/Tilapia-roja-3.png","width":500,"height":373},{"@type":"BreadcrumbList","@id":"https:\/\/cipa.com.co\/?page_id=14482#breadcrumb","itemListElement":[{"@type":"ListItem","position":1,"name":"Inicio","item":"https:\/\/cipa.com.co\/"},{"@type":"ListItem","position":2,"name":"Simuladores piscicultura"}]},{"@type":"WebSite","@id":"https:\/\/cipa.com.co\/#website","url":"https:\/\/cipa.com.co\/","name":"Cipa","description":"","publisher":{"@id":"https:\/\/cipa.com.co\/#organization"},"potentialAction":[{"@type":"SearchAction","target":{"@type":"EntryPoint","urlTemplate":"https:\/\/cipa.com.co\/?s={search_term_string}"},"query-input":{"@type":"PropertyValueSpecification","valueRequired":true,"valueName":"search_term_string"}}],"inLanguage":"es-CO"},{"@type":"Organization","@id":"https:\/\/cipa.com.co\/#organization","name":"Cipa","url":"https:\/\/cipa.com.co\/","logo":{"@type":"ImageObject","inLanguage":"es-CO","@id":"https:\/\/cipa.com.co\/#\/schema\/logo\/image\/","url":"https:\/\/click2action.com.co\/cipa\/wp-content\/uploads\/2023\/10\/logoCipa.png","contentUrl":"https:\/\/click2action.com.co\/cipa\/wp-content\/uploads\/2023\/10\/logoCipa.png","width":206,"height":138,"caption":"Cipa"},"image":{"@id":"https:\/\/cipa.com.co\/#\/schema\/logo\/image\/"},"sameAs":["https:\/\/www.facebook.com\/cipaesnutricion\/","https:\/\/www.instagram.com\/cipanutricion\/"]}]}},"_links":{"self":[{"href":"https:\/\/cipa.com.co\/index.php?rest_route=\/wp\/v2\/pages\/14482","targetHints":{"allow":["GET"]}}],"collection":[{"href":"https:\/\/cipa.com.co\/index.php?rest_route=\/wp\/v2\/pages"}],"about":[{"href":"https:\/\/cipa.com.co\/index.php?rest_route=\/wp\/v2\/types\/page"}],"author":[{"embeddable":true,"href":"https:\/\/cipa.com.co\/index.php?rest_route=\/wp\/v2\/users\/4"}],"replies":[{"embeddable":true,"href":"https:\/\/cipa.com.co\/index.php?rest_route=%2Fwp%2Fv2%2Fcomments&post=14482"}],"version-history":[{"count":82,"href":"https:\/\/cipa.com.co\/index.php?rest_route=\/wp\/v2\/pages\/14482\/revisions"}],"predecessor-version":[{"id":14973,"href":"https:\/\/cipa.com.co\/index.php?rest_route=\/wp\/v2\/pages\/14482\/revisions\/14973"}],"wp:attachment":[{"href":"https:\/\/cipa.com.co\/index.php?rest_route=%2Fwp%2Fv2%2Fmedia&parent=14482"}],"curies":[{"name":"wp","href":"https:\/\/api.w.org\/{rel}","templated":true}]}}